{"id":110,"date":"2026-04-05T10:02:20","date_gmt":"2026-04-05T10:02:20","guid":{"rendered":"https:\/\/docosmetics.ch\/shop\/?post_type=product&#038;p=110"},"modified":"2026-04-05T10:02:20","modified_gmt":"2026-04-05T10:02:20","slug":"is-clinical-youth-complex","status":"publish","type":"product","link":"https:\/\/docosmetics.ch\/shop\/produkt\/is-clinical-youth-complex\/","title":{"rendered":"iS Clinical YOUTH COMPLEX\u00ae (30g)"},"content":{"rendered":"<p><b><i>Der YOUTH COMPLEX\u00a0<\/i><\/b>ist die erste Cosmeceutical-Formel gegen Falten, die die alternde Haut sofort und langfristig verbessert. Diese bahnbrechende Anti-Falten-Formel ist eine einzigartige Mischung aus wirksamen Antioxidantien, innovativen und nat\u00fcrlichen Feuchtigkeitsspendern und unserem exklusiven Bio-Komplex, der mit klinischer Pr\u00e4zision auf Alterserscheinungen abzielt. Der\u00a0<i><b>YOUTH COMPLEX\u00a0<\/b><\/i>spendet anfangs schnell Feuchtigkeit, um feine Linien und Falten \u201eaufzuf\u00fcllen\u201c, unterst\u00fctzt eine kontrollierte Exfoliation und stimuliert die Produktion von wichtigen Strukturbestandteilen wie Kollagen und Elastin, was klinisch nachgewiesen ist.<\/p>\n<p>WIRKUNGSWEISE<\/p>\n<ul>\n<li>Reduziert feine Linien und Falten<\/li>\n<li>Gl\u00e4ttet die Haut und pflegt<\/li>\n<li>Festigt und strafft<\/li>\n<li>Bietet sofortige, kurzfristige und langfristige Verbesserungen<\/li>\n<li>Bietet antioxidativen Schutz \u2022 Stimuliert die Kollagensynthese<\/li>\n<li>Parabenfrei<\/li>\n<\/ul>\n<p>Pflanzliche Hyalurons\u00e4ure 15,0%<br \/>\nBindet bis zu 1800-fache seines Molekulargewichts in Wasser.\u00a0Mixed Fruit Extrakt 10.0 %<br \/>\nExfoliert, gl\u00e4ttet und reduziert feine Linien.<\/p>\n<p>Copper Tripeptid (Wachstumsfaktor)<br \/>\nStimuliert die Produktion von Kollagen (klinisch gepf\u00fcft). Die Hautstruktur wird wiederhergestellt und F\u00e4ltchen \u00fcber die Zeit gl\u00e4ttet.\u00a0Silberweiden-Rindenextrakt<br \/>\nF\u00f6rdert die Zellerneuerung, mildert Entz\u00fcndungen\/ R\u00f6tungen.<\/p>\n","protected":false},"excerpt":{"rendered":"<p>Der YOUTH COMPLEX\u00a0ist die erste Cosmeceutical-Formel gegen Falten, die die alternde Haut sofort und langfristig verbessert. Diese bahnbrechende Anti-Falten-Formel ist eine einzigartige Mischung aus wirksamen Antioxidantien, innovativen und nat\u00fcrlichen Feuchtigkeitsspendern und unserem exklusiven Bio-Komplex, der mit klinischer Pr\u00e4zision auf Alterserscheinungen abzielt. Der\u00a0YOUTH COMPLEX\u00a0spendet anfangs schnell Feuchtigkeit, um feine Linien und Falten \u201eaufzuf\u00fcllen\u201c, unterst\u00fctzt eine kontrollierte [&hellip;]<\/p>\n","protected":false},"featured_media":111,"template":"","meta":[],"product_brand":[25],"product_cat":[22],"product_tag":[],"class_list":{"0":"post-110","1":"product","2":"type-product","3":"status-publish","4":"has-post-thumbnail","6":"product_brand-is-clinical","7":"product_cat-korrektur","9":"first","10":"instock","11":"shipping-taxable","12":"purchasable","13":"product-type-simple"},"_links":{"self":[{"href":"https:\/\/docosmetics.ch\/shop\/wp-json\/wp\/v2\/product\/110","targetHints":{"allow":["GET"]}}],"collection":[{"href":"https:\/\/docosmetics.ch\/shop\/wp-json\/wp\/v2\/product"}],"about":[{"href":"https:\/\/docosmetics.ch\/shop\/wp-json\/wp\/v2\/types\/product"}],"wp:featuredmedia":[{"embeddable":true,"href":"https:\/\/docosmetics.ch\/shop\/wp-json\/wp\/v2\/media\/111"}],"wp:attachment":[{"href":"https:\/\/docosmetics.ch\/shop\/wp-json\/wp\/v2\/media?parent=110"}],"wp:term":[{"taxonomy":"product_brand","embeddable":true,"href":"https:\/\/docosmetics.ch\/shop\/wp-json\/wp\/v2\/product_brand?post=110"},{"taxonomy":"product_cat","embeddable":true,"href":"https:\/\/docosmetics.ch\/shop\/wp-json\/wp\/v2\/product_cat?post=110"},{"taxonomy":"product_tag","embeddable":true,"href":"https:\/\/docosmetics.ch\/shop\/wp-json\/wp\/v2\/product_tag?post=110"}],"curies":[{"name":"wp","href":"https:\/\/api.w.org\/{rel}","templated":true}]}}