{"id":140,"date":"2026-04-05T10:02:19","date_gmt":"2026-04-05T10:02:19","guid":{"rendered":"https:\/\/docosmetics.ch\/shop\/produkt\/is-clinical-cleansing-complex-polish-120g\/"},"modified":"2026-04-05T10:02:19","modified_gmt":"2026-04-05T10:02:19","slug":"is-clinical-cleansing-complex-polish-120g","status":"publish","type":"product","link":"https:\/\/docosmetics.ch\/shop\/produkt\/is-clinical-cleansing-complex-polish-120g\/","title":{"rendered":"iS Clinical CLEANSING COMPLEX POLISH (120g)"},"content":{"rendered":"<p><b>Cleansing Complex Polish<\/b> reinigt die Oberfl\u00e4che und die Poren der Haut gr\u00fcndlich, ohne sie auszutrocknen oder die nat\u00fcrlichen \u00d6le zu entfernen. Dieses leichte, schaumige Gel enth\u00e4lt umweltfreundliche Mikropartikel aus Cellulose und Jojoba in Kombination mit kraftvollen Pflanzenextrakten und Salicyls\u00e4ure, die sowohl ein physikalisches als auch ein biochemisches Peeling bewirken. Dieses Mehrzweck-Reinigungspeeling ist ein komplettes Gesichtserlebnis in einem einzigen Produkt und gl\u00e4ttet, reinigt und macht die Haut geschmeidig. Cleansing Complex Polish ist f\u00fcr alle Hauttypen und jedes Alter geeignet.<\/p>\n<p><b>Vorteile:<\/b><\/p>\n<p>&nbsp;&nbsp;&nbsp; Reinigt Haut und Poren porentief, ohne sie auszutrocknen<br \/>&nbsp;&nbsp;&nbsp; Hervorragend geeignet f\u00fcr fettige und zu Unreinheiten neigende Haut<br \/>&nbsp;&nbsp;&nbsp; L\u00e4sst die Poren kleiner erscheinen<br \/>&nbsp;&nbsp;&nbsp; Gl\u00e4ttet und macht die Haut geschmeidig<br \/>&nbsp;&nbsp;&nbsp; Sicheres und effektives physikalisches Peeling<\/p>\n<p><b>Anwendung:<\/b><\/p>\n<p>Befeuchte Gesicht und Hals mit Wasser. Eine kleine Menge auf die Handfl\u00e4che geben. Reibe die H\u00e4nde aneinander und massiere sie \u00fcber Gesicht und Hals. Gr\u00fcndlich absp\u00fclen und trocken tupfen.<\/p>\n","protected":false},"excerpt":{"rendered":"<p>Cleansing Complex Polish reinigt die Oberfl\u00e4che und die Poren der Haut gr\u00fcndlich, ohne sie auszutrocknen oder die nat\u00fcrlichen \u00d6le zu entfernen. Dieses leichte, schaumige Gel enth\u00e4lt umweltfreundliche Mikropartikel aus Cellulose und Jojoba in Kombination mit kraftvollen Pflanzenextrakten und Salicyls\u00e4ure, die sowohl ein physikalisches als auch ein biochemisches Peeling bewirken. Dieses Mehrzweck-Reinigungspeeling ist ein komplettes Gesichtserlebnis [&hellip;]<\/p>\n","protected":false},"featured_media":139,"template":"","meta":[],"product_brand":[25],"product_cat":[21],"product_tag":[],"class_list":{"0":"post-140","1":"product","2":"type-product","3":"status-publish","4":"has-post-thumbnail","6":"product_brand-is-clinical","7":"product_cat-reinigung","9":"first","10":"instock","11":"shipping-taxable","12":"purchasable","13":"product-type-simple"},"_links":{"self":[{"href":"https:\/\/docosmetics.ch\/shop\/wp-json\/wp\/v2\/product\/140","targetHints":{"allow":["GET"]}}],"collection":[{"href":"https:\/\/docosmetics.ch\/shop\/wp-json\/wp\/v2\/product"}],"about":[{"href":"https:\/\/docosmetics.ch\/shop\/wp-json\/wp\/v2\/types\/product"}],"wp:featuredmedia":[{"embeddable":true,"href":"https:\/\/docosmetics.ch\/shop\/wp-json\/wp\/v2\/media\/139"}],"wp:attachment":[{"href":"https:\/\/docosmetics.ch\/shop\/wp-json\/wp\/v2\/media?parent=140"}],"wp:term":[{"taxonomy":"product_brand","embeddable":true,"href":"https:\/\/docosmetics.ch\/shop\/wp-json\/wp\/v2\/product_brand?post=140"},{"taxonomy":"product_cat","embeddable":true,"href":"https:\/\/docosmetics.ch\/shop\/wp-json\/wp\/v2\/product_cat?post=140"},{"taxonomy":"product_tag","embeddable":true,"href":"https:\/\/docosmetics.ch\/shop\/wp-json\/wp\/v2\/product_tag?post=140"}],"curies":[{"name":"wp","href":"https:\/\/api.w.org\/{rel}","templated":true}]}}