{"id":158,"date":"2026-04-05T10:02:19","date_gmt":"2026-04-05T10:02:19","guid":{"rendered":"https:\/\/docosmetics.ch\/shop\/produkt\/is-clinical-c-eye-serum-advance-15-ml\/"},"modified":"2026-04-05T10:02:19","modified_gmt":"2026-04-05T10:02:19","slug":"is-clinical-c-eye-serum-advance-15-ml","status":"publish","type":"product","link":"https:\/\/docosmetics.ch\/shop\/produkt\/is-clinical-c-eye-serum-advance-15-ml\/","title":{"rendered":"iS Clinical C EYE SERUM ADVANCE+\u00ae (15 ml)"},"content":{"rendered":"<p>Das&nbsp;<i><b>C EYE SERUM ADVANCE+\u00ae&nbsp;<\/b><\/i>ist eine hochmoderne Formel, die eine 7,5-prozentige Konzentration unserer zukunftsweisenden Ascorbins\u00e4ure (Vitamin C) mit dem Kupfer-Tripeptid-Wachstumsfaktor (naturidentisch) f\u00fcr verbesserte Anti-Aging-Eigenschaften, effektiv vereint. Diese wirksame und dennoch sanfte Formel ist entwickelt worden, um dabei zu helfen, die Erscheinung von Schwellungen unter den Augen, feine Linien und Falten zu verringern. Das&nbsp;<i><b>C EYE SERUM ADVANCE+<\/b><\/i>&nbsp;hilft au\u00dferdem dabei, dunkle Augenringe aufzuhellen, die Spannkraft und Struktur der Haut zu verbessern und bietet einen optimierten antioxidativen Schutz.<\/p>\n<p>WIRKUNGSWEISE<\/p>\n<ul>\n<li>Hellt dunkle Augenringe auf<\/li>\n<li>Reduziert Schwellungen unter den Augen und Falten um die Augenh\u00f6hle herum (Kr\u00e4henf\u00fc\u00dfe)<\/li>\n<li>Bietet einen enorm verbesserten antioxidativen Schutz<\/li>\n<li>F\u00f6rdert die Kollagensynthese<\/li>\n<li>Parabenfrei&nbsp;<\/li>\n<\/ul>\n<p><span>Vitamin C, Ascorbins\u00e4ure 7,5%<\/span>&nbsp;<br \/>Stabilisierte Formel der L-Ascorbins\u00e4ure. Sie Stimuliert die Kollagen-Synthese und f\u00f6rdert die Wundheilung. Starker Antioxidant mit Foto-Schutz und antientz\u00fcndlichen Eigenschaften.<\/p>\n<p><span>Copper Tripeptid (Wachstumsfaktor)<\/span>&nbsp;<br \/>Stimuliert die Produktion von Kollagen (Klinisch gepf\u00fcft). Die Hautstruktur wird wiederhergestellt und F\u00e4ltchen \u00fcber die Zeit gl\u00e4ttet.<\/p>\n<p><span>Pflanzliche Hyalurons\u00e4ure 40,0%<\/span>&nbsp;<br \/>Bindet bis zu 1800-fache seines Molekulargewichts in Wasser.&nbsp;<\/p>\n","protected":false},"excerpt":{"rendered":"<p>Das&nbsp;C EYE SERUM ADVANCE+\u00ae&nbsp;ist eine hochmoderne Formel, die eine 7,5-prozentige Konzentration unserer zukunftsweisenden Ascorbins\u00e4ure (Vitamin C) mit dem Kupfer-Tripeptid-Wachstumsfaktor (naturidentisch) f\u00fcr verbesserte Anti-Aging-Eigenschaften, effektiv vereint. Diese wirksame und dennoch sanfte Formel ist entwickelt worden, um dabei zu helfen, die Erscheinung von Schwellungen unter den Augen, feine Linien und Falten zu verringern. Das&nbsp;C EYE SERUM ADVANCE+&nbsp;hilft [&hellip;]<\/p>\n","protected":false},"featured_media":157,"template":"","meta":[],"product_brand":[25],"product_cat":[22],"product_tag":[],"class_list":{"0":"post-158","1":"product","2":"type-product","3":"status-publish","4":"has-post-thumbnail","6":"product_brand-is-clinical","7":"product_cat-korrektur","9":"first","10":"instock","11":"shipping-taxable","12":"purchasable","13":"product-type-simple"},"_links":{"self":[{"href":"https:\/\/docosmetics.ch\/shop\/wp-json\/wp\/v2\/product\/158","targetHints":{"allow":["GET"]}}],"collection":[{"href":"https:\/\/docosmetics.ch\/shop\/wp-json\/wp\/v2\/product"}],"about":[{"href":"https:\/\/docosmetics.ch\/shop\/wp-json\/wp\/v2\/types\/product"}],"wp:featuredmedia":[{"embeddable":true,"href":"https:\/\/docosmetics.ch\/shop\/wp-json\/wp\/v2\/media\/157"}],"wp:attachment":[{"href":"https:\/\/docosmetics.ch\/shop\/wp-json\/wp\/v2\/media?parent=158"}],"wp:term":[{"taxonomy":"product_brand","embeddable":true,"href":"https:\/\/docosmetics.ch\/shop\/wp-json\/wp\/v2\/product_brand?post=158"},{"taxonomy":"product_cat","embeddable":true,"href":"https:\/\/docosmetics.ch\/shop\/wp-json\/wp\/v2\/product_cat?post=158"},{"taxonomy":"product_tag","embeddable":true,"href":"https:\/\/docosmetics.ch\/shop\/wp-json\/wp\/v2\/product_tag?post=158"}],"curies":[{"name":"wp","href":"https:\/\/api.w.org\/{rel}","templated":true}]}}