{"id":174,"date":"2026-04-05T10:02:18","date_gmt":"2026-04-05T10:02:18","guid":{"rendered":"https:\/\/docosmetics.ch\/shop\/produkt\/is-clinical-hydra-cool-serum-30ml\/"},"modified":"2026-04-05T10:02:18","modified_gmt":"2026-04-05T10:02:18","slug":"is-clinical-hydra-cool-serum-30ml","status":"publish","type":"product","link":"https:\/\/docosmetics.ch\/shop\/produkt\/is-clinical-hydra-cool-serum-30ml\/","title":{"rendered":"iS Clinical HYDRA-COOL\u00ae SERUM (30ml)"},"content":{"rendered":"<p>Das&nbsp;<i><b>HYDRA-COOL\u00ae SERUM<\/b><\/i>&nbsp;ist so formuliert, dass es die Haut verj\u00fcngt, Feuchtigkeit spendet und beruhigt. Dieses erfrischende, wirkungsvolle, eindringende Serum kombiniert wertvollste Antioxidantien mit essentiellen Pflanzenstoffen und nat\u00fcrlichen N\u00e4hrstoffen. Hervorragend geeignet, um Sonnenbrand und das brennende Gef\u00fchl auf frisch rasierter Haut zu lindern. Das&nbsp;<i><b>HYDRA-COOL SERUM<\/b><\/i>&nbsp;hilft au\u00dferdem gegen Akne. Es&nbsp;ist f\u00fcr alle Hauttypen geeignet und sogar f\u00fcr die sensibelste Haut sanft genug.<\/p>\n<p>WIRKUNGSWEISE<\/p>\n<ul>\n<li>Spendet intensive, eindringende Feuchtigkeit<\/li>\n<li>K\u00fchlt und beruhigt trockene, irritierte oder gesch\u00e4digte Haut<\/li>\n<li>Hilft leichte Akne und Sonnenbrand zu lindern, w\u00e4hrend es antioxidativen Schutz bietet<\/li>\n<li>Hervorragend zur Anwendung nach der Rasur bei M\u00e4nnern geeignet<\/li>\n<li>Hervorragend auf Reisen (hilft den Feuchtigkeitsverlust bei Flugreisen auszugleichen)<\/li>\n<li>Kann mit allen \u201eActive\u201c-Behandlungsprodukten kombiniert werden, um die Haut bei der Akklimatisierung zu unterst\u00fctzen<\/li>\n<li>Revitalisiert alternde und strapazierte Haut<\/li>\n<li>Ideale Make-up Grundlage<\/li>\n<li>Parabenfrei<\/li>\n<\/ul>\n<p><span>Pflanzliche Hyalurons\u00e4ure 25,0%<\/span><br \/>Bindet bis zu 1800-fache seines Molekulargewichts in Wasser.&nbsp;<span>Vitamin B5 5,5%<\/span><br \/>Wesentliches Element f\u00fcr enzymatische Funktionen, die in allen Zellen erforderlich sind. F\u00f6rdert die Mikrozirkulation. Unverzichtbar f\u00fcr alle Zellen, f\u00f6rdert die Wundheilung.&nbsp;<span>Centella Asiatica 0,1%<\/span><br \/>Wirkt hochwirksam antioxidativ und beruhigend.<\/p>\n","protected":false},"excerpt":{"rendered":"<p>Das&nbsp;HYDRA-COOL\u00ae SERUM&nbsp;ist so formuliert, dass es die Haut verj\u00fcngt, Feuchtigkeit spendet und beruhigt. Dieses erfrischende, wirkungsvolle, eindringende Serum kombiniert wertvollste Antioxidantien mit essentiellen Pflanzenstoffen und nat\u00fcrlichen N\u00e4hrstoffen. Hervorragend geeignet, um Sonnenbrand und das brennende Gef\u00fchl auf frisch rasierter Haut zu lindern. Das&nbsp;HYDRA-COOL SERUM&nbsp;hilft au\u00dferdem gegen Akne. Es&nbsp;ist f\u00fcr alle Hauttypen geeignet und sogar f\u00fcr die [&hellip;]<\/p>\n","protected":false},"featured_media":173,"template":"","meta":[],"product_brand":[25],"product_cat":[22],"product_tag":[],"class_list":{"0":"post-174","1":"product","2":"type-product","3":"status-publish","4":"has-post-thumbnail","6":"product_brand-is-clinical","7":"product_cat-korrektur","9":"first","10":"instock","11":"shipping-taxable","12":"purchasable","13":"product-type-simple"},"_links":{"self":[{"href":"https:\/\/docosmetics.ch\/shop\/wp-json\/wp\/v2\/product\/174","targetHints":{"allow":["GET"]}}],"collection":[{"href":"https:\/\/docosmetics.ch\/shop\/wp-json\/wp\/v2\/product"}],"about":[{"href":"https:\/\/docosmetics.ch\/shop\/wp-json\/wp\/v2\/types\/product"}],"wp:featuredmedia":[{"embeddable":true,"href":"https:\/\/docosmetics.ch\/shop\/wp-json\/wp\/v2\/media\/173"}],"wp:attachment":[{"href":"https:\/\/docosmetics.ch\/shop\/wp-json\/wp\/v2\/media?parent=174"}],"wp:term":[{"taxonomy":"product_brand","embeddable":true,"href":"https:\/\/docosmetics.ch\/shop\/wp-json\/wp\/v2\/product_brand?post=174"},{"taxonomy":"product_cat","embeddable":true,"href":"https:\/\/docosmetics.ch\/shop\/wp-json\/wp\/v2\/product_cat?post=174"},{"taxonomy":"product_tag","embeddable":true,"href":"https:\/\/docosmetics.ch\/shop\/wp-json\/wp\/v2\/product_tag?post=174"}],"curies":[{"name":"wp","href":"https:\/\/api.w.org\/{rel}","templated":true}]}}