{"id":212,"date":"2026-04-05T10:02:17","date_gmt":"2026-04-05T10:02:17","guid":{"rendered":"https:\/\/docosmetics.ch\/shop\/produkt\/is-clinical-body-complex-180g\/"},"modified":"2026-04-05T10:02:17","modified_gmt":"2026-04-05T10:02:17","slug":"is-clinical-body-complex-180g","status":"publish","type":"product","link":"https:\/\/docosmetics.ch\/shop\/produkt\/is-clinical-body-complex-180g\/","title":{"rendered":"iS Clinical BODY COMPLEX (180g)"},"content":{"rendered":"<p>Als intensive, feuchtigkeitsspendende Formulierung versorgt der&nbsp;<i><b>BODY COMPLEX<\/b><\/i>&nbsp;die Haut mit essentiellen Vitaminen, beruhigenden Pflanzenstoffen und wirkungsvollen Antioxidantien. Der&nbsp;<i><b>BODY COMPLEX<\/b><\/i>&nbsp;f\u00f6rdert eine leichte Exfoliation, w\u00e4hrend er gleichzeitig einen wichtigen Schutzmantel gegen Umweltaggressoren bietet, wodurch die Haut weich, straff und gesch\u00fctzt bleibt. Hervorragend geeignet auch f\u00fcr die strapazierte Haut.<\/p>\n<p>WIRKUNGSWEISE<\/p>\n<ul>\n<li>F\u00fcr die Anwendung als K\u00f6rperbehandlungs-Lotion<\/li>\n<li>Spendet sofortige Feuchtigkeit, gl\u00e4ttet und pflegt die Haut<\/li>\n<li>Bildet einen Schutzmantel, der reich an Antioxidantien ist<\/li>\n<li>Hilft Kontaktdermatitis, Ekzeme und Psoriasis zu lindern<\/li>\n<li>Revitalisiert alternde und strapazierte Haut<\/li>\n<li>Erzielt sofortige und langfristige Verbesserungen<\/li>\n<li>Parabenfrei<\/li>\n<\/ul>\n<p><span>Pflanzliche Hyalurons\u00e4ure 15,0%<\/span><br \/>Bindet bis zu 1800-fache seines Molekulargewichts in Wasser.<\/p>\n<p><span>Mixed Fruit Extrakt 5.0 %<\/span><br \/>Exfoliert, gl\u00e4ttet und reduziert feine Linien.<\/p>\n<p><span>Aloe Vera 10,0%<\/span><br \/>F\u00f6rdert die Wundheilung, die Kollagensynthese und enth\u00e4lt antimikrobielle Eigenschaften.<\/p>\n<p><span>Silberweiden-Rindenextrakt 0,5%<\/span><br \/>F\u00f6rdert die Zellerneuerung, mildert Entz\u00fcndungen\/ R\u00f6tungen.&nbsp;<\/p>\n","protected":false},"excerpt":{"rendered":"<p>Als intensive, feuchtigkeitsspendende Formulierung versorgt der&nbsp;BODY COMPLEX&nbsp;die Haut mit essentiellen Vitaminen, beruhigenden Pflanzenstoffen und wirkungsvollen Antioxidantien. Der&nbsp;BODY COMPLEX&nbsp;f\u00f6rdert eine leichte Exfoliation, w\u00e4hrend er gleichzeitig einen wichtigen Schutzmantel gegen Umweltaggressoren bietet, wodurch die Haut weich, straff und gesch\u00fctzt bleibt. Hervorragend geeignet auch f\u00fcr die strapazierte Haut. WIRKUNGSWEISE F\u00fcr die Anwendung als K\u00f6rperbehandlungs-Lotion Spendet sofortige Feuchtigkeit, gl\u00e4ttet [&hellip;]<\/p>\n","protected":false},"featured_media":211,"template":"","meta":[],"product_brand":[25],"product_cat":[22],"product_tag":[],"class_list":{"0":"post-212","1":"product","2":"type-product","3":"status-publish","4":"has-post-thumbnail","6":"product_brand-is-clinical","7":"product_cat-korrektur","9":"first","10":"instock","11":"shipping-taxable","12":"purchasable","13":"product-type-simple"},"_links":{"self":[{"href":"https:\/\/docosmetics.ch\/shop\/wp-json\/wp\/v2\/product\/212","targetHints":{"allow":["GET"]}}],"collection":[{"href":"https:\/\/docosmetics.ch\/shop\/wp-json\/wp\/v2\/product"}],"about":[{"href":"https:\/\/docosmetics.ch\/shop\/wp-json\/wp\/v2\/types\/product"}],"wp:featuredmedia":[{"embeddable":true,"href":"https:\/\/docosmetics.ch\/shop\/wp-json\/wp\/v2\/media\/211"}],"wp:attachment":[{"href":"https:\/\/docosmetics.ch\/shop\/wp-json\/wp\/v2\/media?parent=212"}],"wp:term":[{"taxonomy":"product_brand","embeddable":true,"href":"https:\/\/docosmetics.ch\/shop\/wp-json\/wp\/v2\/product_brand?post=212"},{"taxonomy":"product_cat","embeddable":true,"href":"https:\/\/docosmetics.ch\/shop\/wp-json\/wp\/v2\/product_cat?post=212"},{"taxonomy":"product_tag","embeddable":true,"href":"https:\/\/docosmetics.ch\/shop\/wp-json\/wp\/v2\/product_tag?post=212"}],"curies":[{"name":"wp","href":"https:\/\/api.w.org\/{rel}","templated":true}]}}