{"id":218,"date":"2026-04-05T10:02:17","date_gmt":"2026-04-05T10:02:17","guid":{"rendered":"https:\/\/docosmetics.ch\/shop\/produkt\/is-clinical-sheald-recovery-balm-15g\/"},"modified":"2026-04-05T10:02:17","modified_gmt":"2026-04-05T10:02:17","slug":"is-clinical-sheald-recovery-balm-15g","status":"publish","type":"product","link":"https:\/\/docosmetics.ch\/shop\/produkt\/is-clinical-sheald-recovery-balm-15g\/","title":{"rendered":"iS Clinical SHEALD RECOVERY BALM (15g)"},"content":{"rendered":"<p>Der <i><b>SHEALD\u2122 RECOVERY BALM<\/b><\/i> besteht aus einer reparativen Formel, die reich an Feuchtigkeit ist und den Feuchtigkeitsgehalt von trockener, sensibler oder strapazierter Haut dramatisch verbessert. Dieses festigende Pflegeprodukt macht \u00dcberstunden, um dabei zu helfen, die Barrierefunktion der Haut zu unterst\u00fctzen \u2013 w\u00e4hrend beruhigende, heilende Pflanzenstoffe Juckreiz und Beschwerden von trockener, beanspruchter und nach Behandlungen strapazierter Haut lindern. Beinhaltet potente Antioxidantien, die den Heilungsprozess nach einer Behandlung unterst\u00fctzen. Er kann als sicheres und effektives Mittel unverz\u00fcglich nach ablativen oder nicht-ablativen Verfahren angewandt werden.<\/p>\n<p>WIRKUNGSWEISE<\/p>\n<ul>\n<li>Bietet eine sch\u00fctzende Barriere, die reich an Antioxidantien ist<\/li>\n<li>Pflegt raue, trockene und sensible Haut und spendet ihr Feuchtigkeit<\/li>\n<li>Hilft vor Abschuppung zu sch\u00fctzen, lindert Entz\u00fcndungen und verringert die Bildung von Narbengewebe<\/li>\n<li>Lindert Juckreiz und Spannungsgef\u00fchl w\u00e4hrend des Heilungsprozesses<\/li>\n<li>Entwickelt zur Nachbehandlung von ablativen Verfahren<\/li>\n<li>Hervorragender sch\u00fctzender Feuchtigkeitsspender f\u00fcr raues, kaltes und\/oder trockenes Klima<\/li>\n<li>Parabenfrei<\/li>\n<\/ul>\n<p><span>Pflanzliche Hyalurons\u00e4ure 10,0%&nbsp;<\/span><br \/>Bindet bis zu 1800-fache seines Molekulargewichts in Wasser.<\/p>\n<p><span>Glycerin 8.0%&nbsp;<\/span><br \/>Notwendig f\u00fcr die richtige Barrierefunktion, f\u00f6rdert die Heilung und Entwicklung der gesunden Hautzellen. Wirkt als Signalmittel f\u00fcr die normale Reifung der Hautzellen.<\/p>\n<p><span>Vitamin E 3.0 %<\/span><br \/>Potenter, lipophiler Antioxidant. Hemmt die DNA-Sch\u00e4den. Sch\u00fctzt vor UV-induzierte Lichtsch\u00e4den.<\/p>\n<p><span>Kava Kava 2.0%&nbsp;<\/span><br \/>Hilft Schmerzen aufgrund \u00f6rtlicher Bet\u00e4ubung zu kontrollieren. Lindert den Juckreiz w\u00e4hrend des Heilungsprozesses.&nbsp;<\/p>\n","protected":false},"excerpt":{"rendered":"<p>Der SHEALD\u2122 RECOVERY BALM besteht aus einer reparativen Formel, die reich an Feuchtigkeit ist und den Feuchtigkeitsgehalt von trockener, sensibler oder strapazierter Haut dramatisch verbessert. Dieses festigende Pflegeprodukt macht \u00dcberstunden, um dabei zu helfen, die Barrierefunktion der Haut zu unterst\u00fctzen \u2013 w\u00e4hrend beruhigende, heilende Pflanzenstoffe Juckreiz und Beschwerden von trockener, beanspruchter und nach Behandlungen strapazierter [&hellip;]<\/p>\n","protected":false},"featured_media":217,"template":"","meta":[],"product_brand":[25],"product_cat":[23],"product_tag":[],"class_list":{"0":"post-218","1":"product","2":"type-product","3":"status-publish","4":"has-post-thumbnail","6":"product_brand-is-clinical","7":"product_cat-hydrierung","9":"first","10":"instock","11":"shipping-taxable","12":"purchasable","13":"product-type-simple"},"_links":{"self":[{"href":"https:\/\/docosmetics.ch\/shop\/wp-json\/wp\/v2\/product\/218","targetHints":{"allow":["GET"]}}],"collection":[{"href":"https:\/\/docosmetics.ch\/shop\/wp-json\/wp\/v2\/product"}],"about":[{"href":"https:\/\/docosmetics.ch\/shop\/wp-json\/wp\/v2\/types\/product"}],"wp:featuredmedia":[{"embeddable":true,"href":"https:\/\/docosmetics.ch\/shop\/wp-json\/wp\/v2\/media\/217"}],"wp:attachment":[{"href":"https:\/\/docosmetics.ch\/shop\/wp-json\/wp\/v2\/media?parent=218"}],"wp:term":[{"taxonomy":"product_brand","embeddable":true,"href":"https:\/\/docosmetics.ch\/shop\/wp-json\/wp\/v2\/product_brand?post=218"},{"taxonomy":"product_cat","embeddable":true,"href":"https:\/\/docosmetics.ch\/shop\/wp-json\/wp\/v2\/product_cat?post=218"},{"taxonomy":"product_tag","embeddable":true,"href":"https:\/\/docosmetics.ch\/shop\/wp-json\/wp\/v2\/product_tag?post=218"}],"curies":[{"name":"wp","href":"https:\/\/api.w.org\/{rel}","templated":true}]}}