{"id":222,"date":"2026-04-05T10:02:17","date_gmt":"2026-04-05T10:02:17","guid":{"rendered":"https:\/\/docosmetics.ch\/shop\/produkt\/is-clinical-youth-body-serum-200ml\/"},"modified":"2026-04-05T10:02:17","modified_gmt":"2026-04-05T10:02:17","slug":"is-clinical-youth-body-serum-200ml","status":"publish","type":"product","link":"https:\/\/docosmetics.ch\/shop\/produkt\/is-clinical-youth-body-serum-200ml\/","title":{"rendered":"iS Clinical YOUTH BODY SERUM (200ml)"},"content":{"rendered":"<p>Dieser erfrischende, leichte Serumnebel wird sanft von der Haut absorbiert und bietet starke Hydrierung und antioxidativen Schutz vor Umwelteinfl\u00fcssen. Die reinste Form der Hyalurons\u00e4ure, hochwirksame Extrakte aus der Wassermelone, der blauen Mikroalge, der S\u00fc\u00dfholzwurzel und des Santakrauts werden mit essentiellem Vitamin B5 und den patentierten Extremozymen kombiniert. Die Formulierung wurde speziell f\u00fcr den K\u00f6rper entwickelt. Weit mehr als ein Moisturizer, hinterl\u00e4sst dieses Pflegende Serum ein frisches, geschmeidiges und perfekt hydriertes Hautgef\u00fchl.<\/p>\n<p>Wirkungsweise<\/p>\n<ul>\n<li><span>Hydriert, gl\u00e4ttet und macht die Haut geschmeidig<\/span><\/li>\n<li><span>Bietet wirksamen Schutz durch Antioxidantien<\/span><\/li>\n<li><span>Sch\u00fctz vor Umweltsch\u00e4den<\/span><\/li>\n<li><span>Verbessert die Zellstabilit\u00e4t<\/span><\/li>\n<li><span>Tr\u00e4gt zum Schutz der DNA bei<\/span><\/li>\n<li><span>Verringert sichtbar die Zeichen der Hautalterung<\/span><\/li>\n<li><span>Unterst\u00fctzt den Zellstoffwechsel<\/span><\/li>\n<li><span>Parabenfrei<\/span><\/li>\n<\/ul>\n<p>Wirkstoffe<\/p>\n<p>Imperata Cylindrica-Wurzelextrakt 1 %<\/p>\n<p>Dieser ist reich an Kalium und optimiert und verst\u00e4rkt die Kollagensynthese sowie die Feuchtigkeitsaufnahme in der Haut.<\/p>\n<p>&nbsp;<\/p>\n<p>Hyaluronan<\/p>\n<p>(Hyalurons\u00e4ure &#8211; botanisch gewonnen) 0,9 %<\/p>\n<p>Feuchtigkeitsspender; zeigt hydrophile Eigenschaften &#8211; zieht bis zum 1800-fachen seines Molekulargewichts an Wasser an und bindet es.<\/p>\n<p>&nbsp;<\/p>\n<p>Citrullus Lanatus (Wassermelone) Fruchtextrakt<\/p>\n<p>(Extremozym) 0,9 %<\/p>\n<p>Antioxidans- und Aminos\u00e4ure-reicher Extrakt, der hilft, die DNA vor Phototoxizit\u00e4t zu sch\u00fctzen, die durch UV-Licht-induzierte freie Radikale verursacht wird.<\/p>\n<p>&nbsp;<\/p>\n<p>Eriodictyon Californicum (Santakraut) Bl\u00fcten-\/Blatt-\/ Stammextrakt (Extremozym) 0,9 %<\/p>\n<p>Antioxidans- und Aminos\u00e4ure-reicher Extrakt, der hilft, die DNA vor Phototoxizit\u00e4t zu sch\u00fctzen, die durch UV-Licht-induzierte freie Radikale verursacht wird<\/p>\n","protected":false},"excerpt":{"rendered":"<p>Dieser erfrischende, leichte Serumnebel wird sanft von der Haut absorbiert und bietet starke Hydrierung und antioxidativen Schutz vor Umwelteinfl\u00fcssen. Die reinste Form der Hyalurons\u00e4ure, hochwirksame Extrakte aus der Wassermelone, der blauen Mikroalge, der S\u00fc\u00dfholzwurzel und des Santakrauts werden mit essentiellem Vitamin B5 und den patentierten Extremozymen kombiniert. Die Formulierung wurde speziell f\u00fcr den K\u00f6rper entwickelt. [&hellip;]<\/p>\n","protected":false},"featured_media":221,"template":"","meta":[],"product_brand":[25],"product_cat":[23],"product_tag":[],"class_list":{"0":"post-222","1":"product","2":"type-product","3":"status-publish","4":"has-post-thumbnail","6":"product_brand-is-clinical","7":"product_cat-hydrierung","9":"first","10":"instock","11":"shipping-taxable","12":"purchasable","13":"product-type-simple"},"_links":{"self":[{"href":"https:\/\/docosmetics.ch\/shop\/wp-json\/wp\/v2\/product\/222","targetHints":{"allow":["GET"]}}],"collection":[{"href":"https:\/\/docosmetics.ch\/shop\/wp-json\/wp\/v2\/product"}],"about":[{"href":"https:\/\/docosmetics.ch\/shop\/wp-json\/wp\/v2\/types\/product"}],"wp:featuredmedia":[{"embeddable":true,"href":"https:\/\/docosmetics.ch\/shop\/wp-json\/wp\/v2\/media\/221"}],"wp:attachment":[{"href":"https:\/\/docosmetics.ch\/shop\/wp-json\/wp\/v2\/media?parent=222"}],"wp:term":[{"taxonomy":"product_brand","embeddable":true,"href":"https:\/\/docosmetics.ch\/shop\/wp-json\/wp\/v2\/product_brand?post=222"},{"taxonomy":"product_cat","embeddable":true,"href":"https:\/\/docosmetics.ch\/shop\/wp-json\/wp\/v2\/product_cat?post=222"},{"taxonomy":"product_tag","embeddable":true,"href":"https:\/\/docosmetics.ch\/shop\/wp-json\/wp\/v2\/product_tag?post=222"}],"curies":[{"name":"wp","href":"https:\/\/api.w.org\/{rel}","templated":true}]}}