{"id":228,"date":"2026-04-05T10:02:17","date_gmt":"2026-04-05T10:02:17","guid":{"rendered":"https:\/\/docosmetics.ch\/shop\/produkt\/is-clinical-extreme-protect-spf-30-non-tinted-100g\/"},"modified":"2026-04-05T10:02:17","modified_gmt":"2026-04-05T10:02:17","slug":"is-clinical-extreme-protect-spf-30-non-tinted-100g","status":"publish","type":"product","link":"https:\/\/docosmetics.ch\/shop\/produkt\/is-clinical-extreme-protect-spf-30-non-tinted-100g\/","title":{"rendered":"iS Clinical EXTREME PROTECT SPF 30 NON TINTED (100g)"},"content":{"rendered":"<p><i><b>EXTREME PROTECT SPF 30<\/b><\/i>&nbsp;bietet einen noch nie dagewesenen Schutz, indem er einen Breitband-UVA\/UVB-Schutz mit wirkungsvollen Antioxidantien kombiniert, um oxidative Sonnensch\u00e4digungen abzuschw\u00e4chen. EXTREME PROTECT SPF 30 verf\u00fcgt \u00fcber mikrofeines Zinkoxid und mikroverkapselte organisch wirksame Sonnenschutzmittel. Es ist klinisch erprobt und beugt Zellsch\u00e4digung, Entz\u00fcndungen und Hautr\u00f6tungen ma\u00dfgeblich vor und bietet somit den fortschrittlichsten Schutz, der auf dem Markt erh\u00e4ltlich ist.<\/p>\n<p>WIRKUNGSWEISE<\/p>\n<ul>\n<li>Bietet einen noch nie dagewesenen, mehrstufigen Breitband-UVA\/UVB-Schutz<\/li>\n<li>Die Extremozyme\u00ae-Technologie sch\u00fctzt die DNA nachweislich und repariert sie<\/li>\n<li>Hilft Kollagen zu sch\u00fctzen und zu reparieren<\/li>\n<li>Reduziert die Erscheinung von Hautr\u00f6tungen (Sonnenbrand)<\/li>\n<li>Spendet Feuchtigkeit, gl\u00e4ttet und pflegt<\/li>\n<li>Vermindert die Erscheinung von feinen Linien und Falten<\/li>\n<li>Bildet einen Schutzmantel, der reich an Antioxidantien ist<\/li>\n<li>Parabenfrei<\/li>\n<\/ul>\n<p><span>Extremozymes\u00ae<\/span>&nbsp;<br \/>Eine Kombination von extremophilen Enzymen (Extremozymes\u00ae) um Proteine \/ DNA der Zellen zu sch\u00fctzen und zu reparieren.<\/p>\n<p><span>Octinoxate 5,5 %<\/span>&nbsp;<br \/>Octinoxat ist ein 1:1-Gemisch aus zwei isomeren chemischen Verbindungen aus der Gruppe der Zimts\u00e4ureester sowie ein UV-Filter, welcher in Sonnencremes verwendet wird. Sicherer physikalische Breitspektrum-UVA \/ UVB-Sonnenschutzwirkstoff bietet eine physikalische Barriere und absorbiert UV-Strahlung.<\/p>\n<p><span>Vitamin E 3.6 %<\/span>&nbsp;<br \/>Potentes lipophiler Antioxidant. Hemmt die DNA-Sch\u00e4den. Sch\u00fctzt vor UV-induzierte Lichtsch\u00e4den.<\/p>\n<p><span>Zink Oxid (mikronisiert) 4,12 %<\/span>&nbsp;<br \/>Sicherer, physikalischer Breitband Filter UVA\/UVB. Absorbiert UVA\/ UVB Strahlung.&nbsp;<\/p>\n","protected":false},"excerpt":{"rendered":"<p>EXTREME PROTECT SPF 30&nbsp;bietet einen noch nie dagewesenen Schutz, indem er einen Breitband-UVA\/UVB-Schutz mit wirkungsvollen Antioxidantien kombiniert, um oxidative Sonnensch\u00e4digungen abzuschw\u00e4chen. EXTREME PROTECT SPF 30 verf\u00fcgt \u00fcber mikrofeines Zinkoxid und mikroverkapselte organisch wirksame Sonnenschutzmittel. Es ist klinisch erprobt und beugt Zellsch\u00e4digung, Entz\u00fcndungen und Hautr\u00f6tungen ma\u00dfgeblich vor und bietet somit den fortschrittlichsten Schutz, der auf dem [&hellip;]<\/p>\n","protected":false},"featured_media":227,"template":"","meta":[],"product_brand":[25],"product_cat":[24],"product_tag":[],"class_list":{"0":"post-228","1":"product","2":"type-product","3":"status-publish","4":"has-post-thumbnail","6":"product_brand-is-clinical","7":"product_cat-sonnenschutz","9":"first","10":"instock","11":"shipping-taxable","12":"purchasable","13":"product-type-simple"},"_links":{"self":[{"href":"https:\/\/docosmetics.ch\/shop\/wp-json\/wp\/v2\/product\/228","targetHints":{"allow":["GET"]}}],"collection":[{"href":"https:\/\/docosmetics.ch\/shop\/wp-json\/wp\/v2\/product"}],"about":[{"href":"https:\/\/docosmetics.ch\/shop\/wp-json\/wp\/v2\/types\/product"}],"wp:featuredmedia":[{"embeddable":true,"href":"https:\/\/docosmetics.ch\/shop\/wp-json\/wp\/v2\/media\/227"}],"wp:attachment":[{"href":"https:\/\/docosmetics.ch\/shop\/wp-json\/wp\/v2\/media?parent=228"}],"wp:term":[{"taxonomy":"product_brand","embeddable":true,"href":"https:\/\/docosmetics.ch\/shop\/wp-json\/wp\/v2\/product_brand?post=228"},{"taxonomy":"product_cat","embeddable":true,"href":"https:\/\/docosmetics.ch\/shop\/wp-json\/wp\/v2\/product_cat?post=228"},{"taxonomy":"product_tag","embeddable":true,"href":"https:\/\/docosmetics.ch\/shop\/wp-json\/wp\/v2\/product_tag?post=228"}],"curies":[{"name":"wp","href":"https:\/\/api.w.org\/{rel}","templated":true}]}}